8
Calculate the greatest common divisor of 990 and 20.
10
Calculate the highest common divisor of 66 and 352.
22
What is the highest common divisor of 448 and 28?
28
What is the highest common divisor of 310 and 110?
10
Calculate the highest common divisor of 2041 and 39.
13
Calculate the greatest common divisor of 120 and 2940.
60
What is the highest common divisor of 88 and 11?
11
What is the highest common divisor of 125 and 100?
25
What is the greatest common divisor of 4524 and 261?
87
Calculate the highest common divisor of 15066 and 62.
62
Calculate the highest common divisor of 14 and 64.
2
Calculate the greatest common factor of 4230 and 3102.
282
Calculate the greatest common divisor of 14 and 532.
14
Calculate the greatest common divisor of 7208 and 238.
34
Calculate the highest common divisor of 336 and 896.
112
What is the greatest common divisor of 104 and 3406?
26
What is the highest common factor of 16 and 44?
4
Calculate the highest common divisor of 1799 and 49.
7
What is the greatest common factor of 60 and 295?
5
What is the highest common factor of 782 and 374?
34
What is the greatest common factor of 20 and 390?
10
Calculate the highest common divisor of 1107 and 41.
41
What is the greatest common factor of 1296 and 16?
16
What is the highest common factor of 1819 and 1?
1
What is the greatest common factor of 26846 and 62?
62
Calculate the greatest common factor of 55 and 55.
55
Calculate the greatest common factor of 270 and 12.
6
What is the highest common factor of 1300 and 3200?
100
What is the highest common factor of 3 and 1215?
3
Calculate the highest common factor of 741 and 2379.
39
What is the greatest common divisor of 539 and 154?
77
Calculate the highest common divisor of 425 and 125.
25
What is the greatest common divisor of 3 and 3?
3
What is the greatest common divisor of 74 and 14?
2
What is the highest common divisor of 35 and 791?
7
Calculate the greatest common factor of 3475 and 139.
139
Calculate the highest common factor of 50 and 150.
50
Calculate the highest common divisor of 2060 and 20.
20
What is the greatest common divisor of 16 and 24?
8
Calculate the greatest common factor of 44 and 154.
22
Calculate the greatest common factor of 63 and 16.
1
Calculate the highest common factor of 4108 and 16.
4
Calculate the highest common divisor of 46 and 506.
46
Calculate the highest common factor of 8493 and 57.
57
What is the greatest common factor of 132 and 6432?
12
What is the highest common divisor of 1415 and 15?
5
Calculate the greatest common factor of 232 and 72.
8
What is the greatest common divisor of 1173 and 437?
23
What is the greatest common factor of 1012 and 682?
22
What is the greatest common divisor of 196 and 56?
28
What is the highest common divisor of 7076 and 427?
61
What is the greatest common factor of 793 and 13?
13
Calculate the greatest common factor of 1644 and 24.
12
Calculate the greatest common factor of 29 and 493.
29
What is the highest common factor of 1455 and 30?
15
What is the greatest common factor of 3090 and 103?
103
What is the greatest common factor of 1534 and 236?
118
What is the greatest common factor of 70 and 4130?
70
Calculate the greatest common factor of 153 and 34.
17
Calculate the greatest common factor of 84 and 1414.
14
What is the highest common factor of 630 and 10815?
105
Calculate the highest common divisor of 8362 and 111.
37
What is the highest common divisor of 20207 and 334?
167
Calculate the greatest common divisor of 3942 and 6132.
438
Calculate the highest common factor of 1136 and 32.
16
What is the highest common factor of 1792 and 21?
7
Calculate the greatest common factor of 27 and 1536.
3
Calculate the highest common factor of 544 and 17.
17
Calculate the greatest common divisor of 1125 and 50.
25
Calculate the greatest common divisor of 2201 and 71.
71
What is the highest common divisor of 432 and 54?
54
Calculate the highest common factor of 286 and 44.
22
Calculate the highest common factor of 40 and 1640.
40
What is the highest common divisor of 67 and 9179?
67
Calculate the highest common divisor of 3132 and 36.
36
What is the greatest common factor of 104 and 65?
13
Calculate the highest common factor of 17 and 11.
1
Calculate the greatest common factor of 1026 and 494.
38
Calculate the greatest common factor of 3468 and 108.
12
What is the highest common divisor of 24 and 840?
24
Calculate the highest common divisor of 8 and 1718.
2
What is the greatest common divisor of 224 and 35?
7
Calculate the highest common factor of 48 and 84.
12
Calculate the greatest common divisor of 2905 and 35.
35
Calculate the highest common divisor of 45 and 75.
15
What is the highest common divisor of 2465 and 3995?
85
What is the highest common factor of 976 and 610?
122
Calculate the greatest common divisor of 290 and 14065.
145
What is the highest common factor of 45 and 20?
5
What is the highest common divisor of 2697 and 372?
93
Calculate the greatest common factor of 351 and 432.
27
Calculate the greatest common factor of 5 and 15.
5
Calculate the greatest common factor of 9159 and 213.
213
Calculate the highest common factor of 144 and 80.
16
What is the greatest common divisor of 3728 and 699?
233
What is the greatest common factor of 1586 and 244?
122
What is the greatest common divisor of 2034 and 9?
9
What is the greatest common factor of 917 and 262?
131
Calculate the highest common divisor of 2310 and 40.
10
Calculate the highest common factor of 16 and 264.
8
Calculate the greatest common factor of 51 and 6.
3
What is the greatest common divisor of 35 and 560?
35
Calculate the highest common factor of 11935 and 434.
217
What is the greatest common factor of 915 and 120?
15
Calculate the highest common factor of 85 and 3383.
17
Calculate the highest common divisor of 85940 and 40.
20
Calculate the greatest common factor of 1942 and 2.
2
Calculate the highest common factor of 3175 and 75.
25
What is the greatest common factor of 27 and 255?
3
What is the highest common divisor of 198 and 90?
18
Calculate the highest common factor of 46 and 69.
23
What is the highest common divisor of 573 and 15?
3
Calculate the greatest common divisor of 22 and 66.
22
What is the highest common factor of 6 and 33?
3
Calculate the highest common divisor of 6752 and 32.
32
Calculate the highest common factor of 456 and 10602.
114
What is the greatest common factor of 2786 and 21?
7
Calculate the highest common factor of 550 and 200.
50
What is the highest common factor of 171 and 209?
19
What is the highest common divisor of 209 and 57?
19
Calculate the highest common divisor of 120 and 1290.
30
Calculate the highest common factor of 19 and 21242.
19
What is the greatest common factor of 25 and 125?
25
Calculate the greatest common divisor of 30 and 25.
5
What is the greatest common divisor of 20 and 548?
4
What is the greatest common divisor of 328 and 1189?
41
What is the greatest common divisor of 754 and 52?
26
What is the highest common factor of 24823 and 103?
103
What is the highest common divisor of 288 and 126?
18
What is the greatest common factor of 20 and 130?
10
Calculate the greatest common factor of 38 and 209.
19
Calculate the greatest common factor of 167 and 5.
1
What is the highest common factor of 105 and 42?
21
Calculate the highest common divisor of 1734 and 42.
6
Calculate the highest common divisor of 156 and 546.
78
Calculate the greatest common factor of 41 and 1804.
41
Calculate the highest common factor of 4576 and 154.
22
Calculate the highest common divisor of 394 and 10.
2
What is the highest common divisor of 1374 and 42?
6
Calculate the highest common divisor of 42 and 1785.
21
What is the greatest common divisor of 1 and 307?
1
Calculate the greatest common divisor of 148 and 6882.
74
Calculate the greatest common factor of 24 and 4.
4
What is the greatest common factor of 505 and 10?
5
Calculate the highest common factor of 5289 and 215.
43
Calculate the greatest common divisor of 38 and 133.
19
Calculate the greatest common factor of 210 and 4760.
70
Calculate the highest common divisor of 114 and 9.
3
What is the highest common divisor of 8582 and 70?
14
What is the highest common divisor of 108 and 180?
36
Ca